{"id":3919,"date":"2021-01-19T10:00:41","date_gmt":"2021-01-19T09:00:41","guid":{"rendered":"http:\/\/melilaxitsupposte.multisite.aboca.com\/?page_id=3919"},"modified":"2021-07-19T11:23:47","modified_gmt":"2021-07-19T09:23:47","slug":"melilax-ragadi-emorroidi-intestino-irritabile","status":"publish","type":"page","link":"https:\/\/www.melilax.it\/supposte\/melilax-ragadi-emorroidi-intestino-irritabile\/","title":{"rendered":"Una supposta per i casi \u201cdelicati\u201d"},"content":{"rendered":"\n<p>L\u2019azione evacuante e l\u2019effetto protettivo&nbsp;<a href=\"https:\/\/www.melilax.it\/supposte\/le-supposte\/\"><strong>delle supposte MeliLax<\/strong><\/a>&nbsp;sono particolarmente utili per chi, oltre alla stipsi, presenta delle condizioni particolari come ragadi, emorroidi e Sindrome dell\u2019intestino irritabile \u2013 (IBS).<\/p>\n\n\n\n<h4 class=\"wp-block-heading\">Ragadi ed emorroidi<\/h4>\n\n\n\n<p>Quando abbiamo problemi di ragadi ed emorroidi, il momento dell\u2019evacuazione potrebbe diventare particolarmente problematico. In questi casi, succede spesso che per paura del dolore finiamo per rimandare l\u2019appuntamento con il bagno.<br>Questo porta a un netto peggioramento della situazione. La permanenza delle feci nell\u2019intestino potrebbe infatti aggravare i nostri problemi, instaurando cos\u00ec un circolo vizioso.<br>Le supposte&nbsp;<strong>MeliLax<\/strong>&nbsp;sono pensate per essere utilizzate da chi soffre di questo tipo di problemi.<\/p>\n\n\n\n<h4 class=\"wp-block-heading\">Sindrome dell\u2019intestino irritabile&nbsp;\u2013 (IBS)<\/h4>\n\n\n\n<p>La Sindrome dell\u2019intestino irritabile \u00e8 una condizione complessa che pu\u00f2 provocare tra le altre cose una particolare sensibilit\u00e0 al dolore addominale (iperalgesia addominale).<br>Le supposte&nbsp;<strong>MeliLax<\/strong>&nbsp;sono adatte per chi soffre di questo tipo di problemi, grazie alla loro azione lassativa equilibrata.<\/p>\n","protected":false},"excerpt":{"rendered":"<p>L\u2019azione evacuante e l\u2019effetto protettivo&nbsp;delle supposte MeliLax&nbsp;sono particolarmente utili per chi, oltre alla stipsi, presenta delle condizioni particolari come ragadi, emorroidi e Sindrome dell\u2019intestino irritabile \u2013 (IBS). Ragadi ed emorroidi Quando abbiamo problemi di ragadi ed emorroidi, il momento dell\u2019evacuazione potrebbe diventare particolarmente problematico. In questi casi, succede spesso che per paura del dolore finiamo&#8230;  <a href=\"https:\/\/www.melilax.it\/supposte\/melilax-ragadi-emorroidi-intestino-irritabile\/\" class=\"more-link\" title=\"Read Una supposta per i casi \u201cdelicati\u201d\">Leggi tutto &raquo;<\/a><\/p>\n","protected":false},"author":2,"featured_media":0,"parent":0,"menu_order":0,"comment_status":"closed","ping_status":"closed","template":"","meta":{"footnotes":""},"class_list":["post-3919","page","type-page","status-publish","hentry"],"yoast_head":"<!-- This site is optimized with the Yoast SEO plugin v27.4 - https:\/\/yoast.com\/product\/yoast-seo-wordpress\/ -->\n<title>Stitichezza e Emorroidi, Ragadi o Intestino Irritabile | ABOCA<\/title>\n<meta name=\"description\" content=\"Melilax, dalla ricerca Aboca, rappresenta un valido rimedio anche in situazioni difficili come in presenza di ragadi, emorroidi o in caso di intestito irritabile.\" \/>\n<meta name=\"robots\" content=\"index, follow, max-snippet:-1, max-image-preview:large, max-video-preview:-1\" \/>\n<link rel=\"canonical\" href=\"https:\/\/www.melilax.it\/supposte\/melilax-ragadi-emorroidi-intestino-irritabile\/\" \/>\n<meta property=\"og:locale\" content=\"it_IT\" \/>\n<meta property=\"og:type\" content=\"article\" \/>\n<meta property=\"og:title\" content=\"Stitichezza e Emorroidi, Ragadi o Intestino Irritabile | ABOCA\" \/>\n<meta property=\"og:description\" content=\"Melilax, dalla ricerca Aboca, rappresenta un valido rimedio anche in situazioni difficili come in presenza di ragadi, emorroidi o in caso di intestito irritabile.\" \/>\n<meta property=\"og:url\" content=\"https:\/\/www.melilax.it\/supposte\/melilax-ragadi-emorroidi-intestino-irritabile\/\" \/>\n<meta property=\"og:site_name\" content=\"Melilax Supposte\" \/>\n<meta property=\"article:modified_time\" content=\"2021-07-19T09:23:47+00:00\" \/>\n<meta name=\"twitter:card\" content=\"summary_large_image\" \/>\n<meta name=\"twitter:label1\" content=\"Tempo di lettura stimato\" \/>\n\t<meta name=\"twitter:data1\" content=\"1 minuto\" \/>\n<script type=\"application\/ld+json\" class=\"yoast-schema-graph\">{\"@context\":\"https:\\\/\\\/schema.org\",\"@graph\":[{\"@type\":\"WebPage\",\"@id\":\"https:\\\/\\\/www.melilax.it\\\/supposte\\\/melilax-ragadi-emorroidi-intestino-irritabile\\\/\",\"url\":\"https:\\\/\\\/www.melilax.it\\\/supposte\\\/melilax-ragadi-emorroidi-intestino-irritabile\\\/\",\"name\":\"Stitichezza e Emorroidi, Ragadi o Intestino Irritabile | ABOCA\",\"isPartOf\":{\"@id\":\"https:\\\/\\\/www.melilax.it\\\/supposte\\\/#website\"},\"datePublished\":\"2021-01-19T09:00:41+00:00\",\"dateModified\":\"2021-07-19T09:23:47+00:00\",\"description\":\"Melilax, dalla ricerca Aboca, rappresenta un valido rimedio anche in situazioni difficili come in presenza di ragadi, emorroidi o in caso di intestito irritabile.\",\"breadcrumb\":{\"@id\":\"https:\\\/\\\/www.melilax.it\\\/supposte\\\/melilax-ragadi-emorroidi-intestino-irritabile\\\/#breadcrumb\"},\"inLanguage\":\"it-IT\",\"potentialAction\":[{\"@type\":\"ReadAction\",\"target\":[\"https:\\\/\\\/www.melilax.it\\\/supposte\\\/melilax-ragadi-emorroidi-intestino-irritabile\\\/\"]}]},{\"@type\":\"BreadcrumbList\",\"@id\":\"https:\\\/\\\/www.melilax.it\\\/supposte\\\/melilax-ragadi-emorroidi-intestino-irritabile\\\/#breadcrumb\",\"itemListElement\":[{\"@type\":\"ListItem\",\"position\":1,\"name\":\"Home\",\"item\":\"https:\\\/\\\/www.melilax.it\\\/supposte\\\/\"},{\"@type\":\"ListItem\",\"position\":2,\"name\":\"Una supposta per i casi \u201cdelicati\u201d\"}]},{\"@type\":\"WebSite\",\"@id\":\"https:\\\/\\\/www.melilax.it\\\/supposte\\\/#website\",\"url\":\"https:\\\/\\\/www.melilax.it\\\/supposte\\\/\",\"name\":\"Melilax Supposte\",\"description\":\"Libera l&#039;intestino proteggendo la mucosa rettale\",\"potentialAction\":[{\"@type\":\"SearchAction\",\"target\":{\"@type\":\"EntryPoint\",\"urlTemplate\":\"https:\\\/\\\/www.melilax.it\\\/supposte\\\/?s={search_term_string}\"},\"query-input\":{\"@type\":\"PropertyValueSpecification\",\"valueRequired\":true,\"valueName\":\"search_term_string\"}}],\"inLanguage\":\"it-IT\"}]}<\/script>\n<!-- \/ Yoast SEO plugin. -->","yoast_head_json":{"title":"Stitichezza e Emorroidi, Ragadi o Intestino Irritabile | ABOCA","description":"Melilax, dalla ricerca Aboca, rappresenta un valido rimedio anche in situazioni difficili come in presenza di ragadi, emorroidi o in caso di intestito irritabile.","robots":{"index":"index","follow":"follow","max-snippet":"max-snippet:-1","max-image-preview":"max-image-preview:large","max-video-preview":"max-video-preview:-1"},"canonical":"https:\/\/www.melilax.it\/supposte\/melilax-ragadi-emorroidi-intestino-irritabile\/","og_locale":"it_IT","og_type":"article","og_title":"Stitichezza e Emorroidi, Ragadi o Intestino Irritabile | ABOCA","og_description":"Melilax, dalla ricerca Aboca, rappresenta un valido rimedio anche in situazioni difficili come in presenza di ragadi, emorroidi o in caso di intestito irritabile.","og_url":"https:\/\/www.melilax.it\/supposte\/melilax-ragadi-emorroidi-intestino-irritabile\/","og_site_name":"Melilax Supposte","article_modified_time":"2021-07-19T09:23:47+00:00","twitter_card":"summary_large_image","twitter_misc":{"Tempo di lettura stimato":"1 minuto"},"schema":{"@context":"https:\/\/schema.org","@graph":[{"@type":"WebPage","@id":"https:\/\/www.melilax.it\/supposte\/melilax-ragadi-emorroidi-intestino-irritabile\/","url":"https:\/\/www.melilax.it\/supposte\/melilax-ragadi-emorroidi-intestino-irritabile\/","name":"Stitichezza e Emorroidi, Ragadi o Intestino Irritabile | ABOCA","isPartOf":{"@id":"https:\/\/www.melilax.it\/supposte\/#website"},"datePublished":"2021-01-19T09:00:41+00:00","dateModified":"2021-07-19T09:23:47+00:00","description":"Melilax, dalla ricerca Aboca, rappresenta un valido rimedio anche in situazioni difficili come in presenza di ragadi, emorroidi o in caso di intestito irritabile.","breadcrumb":{"@id":"https:\/\/www.melilax.it\/supposte\/melilax-ragadi-emorroidi-intestino-irritabile\/#breadcrumb"},"inLanguage":"it-IT","potentialAction":[{"@type":"ReadAction","target":["https:\/\/www.melilax.it\/supposte\/melilax-ragadi-emorroidi-intestino-irritabile\/"]}]},{"@type":"BreadcrumbList","@id":"https:\/\/www.melilax.it\/supposte\/melilax-ragadi-emorroidi-intestino-irritabile\/#breadcrumb","itemListElement":[{"@type":"ListItem","position":1,"name":"Home","item":"https:\/\/www.melilax.it\/supposte\/"},{"@type":"ListItem","position":2,"name":"Una supposta per i casi \u201cdelicati\u201d"}]},{"@type":"WebSite","@id":"https:\/\/www.melilax.it\/supposte\/#website","url":"https:\/\/www.melilax.it\/supposte\/","name":"Melilax Supposte","description":"Libera l&#039;intestino proteggendo la mucosa rettale","potentialAction":[{"@type":"SearchAction","target":{"@type":"EntryPoint","urlTemplate":"https:\/\/www.melilax.it\/supposte\/?s={search_term_string}"},"query-input":{"@type":"PropertyValueSpecification","valueRequired":true,"valueName":"search_term_string"}}],"inLanguage":"it-IT"}]}},"_links":{"self":[{"href":"https:\/\/www.melilax.it\/supposte\/wp-json\/wp\/v2\/pages\/3919","targetHints":{"allow":["GET"]}}],"collection":[{"href":"https:\/\/www.melilax.it\/supposte\/wp-json\/wp\/v2\/pages"}],"about":[{"href":"https:\/\/www.melilax.it\/supposte\/wp-json\/wp\/v2\/types\/page"}],"author":[{"embeddable":true,"href":"https:\/\/www.melilax.it\/supposte\/wp-json\/wp\/v2\/users\/2"}],"replies":[{"embeddable":true,"href":"https:\/\/www.melilax.it\/supposte\/wp-json\/wp\/v2\/comments?post=3919"}],"version-history":[{"count":5,"href":"https:\/\/www.melilax.it\/supposte\/wp-json\/wp\/v2\/pages\/3919\/revisions"}],"predecessor-version":[{"id":4366,"href":"https:\/\/www.melilax.it\/supposte\/wp-json\/wp\/v2\/pages\/3919\/revisions\/4366"}],"wp:attachment":[{"href":"https:\/\/www.melilax.it\/supposte\/wp-json\/wp\/v2\/media?parent=3919"}],"curies":[{"name":"wp","href":"https:\/\/api.w.org\/{rel}","templated":true}]}}